{"id":4358,"date":"2024-09-02T09:20:20","date_gmt":"2024-09-02T09:20:20","guid":{"rendered":"https:\/\/swck.org\/wop\/wordpress\/?post_type=tribe_events&#038;p=4358"},"modified":"2025-08-08T09:24:03","modified_gmt":"2025-08-08T09:24:03","slug":"specialklubbsutsallning-eskilstuna","status":"publish","type":"tribe_events","link":"https:\/\/swck.org\/wop\/wordpress\/?tribe_events=specialklubbsutsallning-eskilstuna","title":{"rendered":"Specialklubbsutst\u00e4llning Eskilstuna"},"content":{"rendered":"<p><strong>4 oktober \u2013 Eskilstuna (inomhus)<\/strong><br \/>\nRaskonferens dagen efter<br \/>\nDomare cardigan: Jeanett Lemmeke<br \/>\nDomare pembroke: Eva Liljekvist Borg<\/p>\n<p>Anm\u00e4l till utst\u00e4llningen <span style=\"font-size: 14pt;\"><strong><a href=\"https:\/\/hundar.skk.se\/internetanmalan\/start.aspx\" target=\"_blank\" rel=\"noopener\">H\u00c4R<\/a><\/strong><\/span><br \/>\nAnm\u00e4lan till middag\u00a0 och\/eller raskonferensen<span style=\"font-size: 14pt;\"><a href=\"https:\/\/forms.gle\/yEXkknkmPK2UT6wE9\" target=\"_blank\" rel=\"noopener\"><strong> H\u00c4R<\/strong><\/a><\/span><\/p>\n<p><a href=\"https:\/\/swck.org\/wop\/wordpress\/wp-content\/uploads\/2025\/08\/inbjudan-7.png?fbclid=IwY2xjawMCnwhleHRuA2FlbQIxMABicmlkETFXbFBnZlIxeGpJbDBDS2VjAR5ALqNp1ZhEEx3yFQWdTVflK0mCLCkWmqejzFyqzA-RwG3W6bLDsYYlei3qyw_aem_FP_mbEZBl8N5odWblV5kLg\" target=\"_blank\" rel=\"noopener\"><img loading=\"lazy\" decoding=\"async\" class=\"aligncenter\" src=\"https:\/\/swck.org\/wop\/wordpress\/wp-content\/uploads\/2025\/08\/inbjudan-7.png?fbclid=IwY2xjawMCnwhleHRuA2FlbQIxMABicmlkETFXbFBnZlIxeGpJbDBDS2VjAR5ALqNp1ZhEEx3yFQWdTVflK0mCLCkWmqejzFyqzA-RwG3W6bLDsYYlei3qyw_aem_FP_mbEZBl8N5odWblV5kLg\" alt=\"\" width=\"673\" height=\"952\" \/><\/a><\/p>\n<p><a href=\"https:\/\/swck.org\/wop\/wordpress\/wp-content\/uploads\/2025\/08\/inbjudan-6.png\" target=\"_blank\" rel=\"noopener\"><img loading=\"lazy\" decoding=\"async\" class=\"aligncenter\" src=\"https:\/\/swck.org\/wop\/wordpress\/wp-content\/uploads\/2025\/08\/inbjudan-6.png\" alt=\"\" width=\"673\" height=\"952\" \/><\/a><\/p>\n","protected":false},"excerpt":{"rendered":"<p>4 oktober \u2013 Eskilstuna (inomhus) Raskonferens dagen efter Domare cardigan: Jeanett Lemmeke Domare pembroke: Eva Liljekvist Borg Anm\u00e4l till utst\u00e4llningen H\u00c4R Anm\u00e4lan till middag\u00a0 och\/eller raskonferensen H\u00c4R<\/p>\n","protected":false},"author":1,"featured_media":0,"template":"","meta":{"_tribe_events_status":"","_tribe_events_status_reason":"","footnotes":""},"tags":[],"tribe_events_cat":[],"class_list":["post-4358","tribe_events","type-tribe_events","status-publish","hentry"],"_links":{"self":[{"href":"https:\/\/swck.org\/wop\/wordpress\/index.php?rest_route=\/wp\/v2\/tribe_events\/4358","targetHints":{"allow":["GET"]}}],"collection":[{"href":"https:\/\/swck.org\/wop\/wordpress\/index.php?rest_route=\/wp\/v2\/tribe_events"}],"about":[{"href":"https:\/\/swck.org\/wop\/wordpress\/index.php?rest_route=\/wp\/v2\/types\/tribe_events"}],"author":[{"embeddable":true,"href":"https:\/\/swck.org\/wop\/wordpress\/index.php?rest_route=\/wp\/v2\/users\/1"}],"version-history":[{"count":9,"href":"https:\/\/swck.org\/wop\/wordpress\/index.php?rest_route=\/wp\/v2\/tribe_events\/4358\/revisions"}],"predecessor-version":[{"id":5313,"href":"https:\/\/swck.org\/wop\/wordpress\/index.php?rest_route=\/wp\/v2\/tribe_events\/4358\/revisions\/5313"}],"wp:attachment":[{"href":"https:\/\/swck.org\/wop\/wordpress\/index.php?rest_route=%2Fwp%2Fv2%2Fmedia&parent=4358"}],"wp:term":[{"taxonomy":"post_tag","embeddable":true,"href":"https:\/\/swck.org\/wop\/wordpress\/index.php?rest_route=%2Fwp%2Fv2%2Ftags&post=4358"},{"taxonomy":"tribe_events_cat","embeddable":true,"href":"https:\/\/swck.org\/wop\/wordpress\/index.php?rest_route=%2Fwp%2Fv2%2Ftribe_events_cat&post=4358"}],"curies":[{"name":"wp","href":"https:\/\/api.w.org\/{rel}","templated":true}]}}

Specialklubbsutställning Eskilstuna

<p><strong>4 oktober – Eskilstuna (inomhus)</strong><br />
Raskonferens dagen efter<br />
Domare cardigan: Jeanett Lemmeke<br />
Domare pembroke: Eva Liljekvist Borg</p>
<p>Anmäl till utställningen <span style="font-size: 14pt;"><strong><a href="https://hundar.skk.se/internetanmalan/start.aspx" target="_blank" rel="noopener">HÄR</a></strong></span><br />
Anmälan till middag  och/eller raskonferensen<span style="font-size: 14pt;"><a href="https://forms.gle/yEXkknkmPK2UT6wE9" target="_blank" rel="noopener"><strong> HÄR</strong></a></span></p>
<p><a href="https://swck.org/wop/wordpress/wp-content/uploads/2025/08/inbjudan-7.png?fbclid=IwY2xjawMCnwhleHRuA2FlbQIxMABicmlkETFXbFBnZlIxeGpJbDBDS2VjAR5ALqNp1ZhEEx3yFQWdTVflK0mCLCkWmqejzFyqzA-RwG3W6bLDsYYlei3qyw_aem_FP_mbEZBl8N5odWblV5kLg" target="_blank" rel="noopener"><img loading="lazy" decoding="async" class="aligncenter" src="https://swck.org/wop/wordpress/wp-content/uploads/2025/08/inbjudan-7.png?fbclid=IwY2xjawMCnwhleHRuA2FlbQIxMABicmlkETFXbFBnZlIxeGpJbDBDS2VjAR5ALqNp1ZhEEx3yFQWdTVflK0mCLCkWmqejzFyqzA-RwG3W6bLDsYYlei3qyw_aem_FP_mbEZBl8N5odWblV5kLg" alt="" width="673" height="952" /></a></p>
<p><a href="https://swck.org/wop/wordpress/wp-content/uploads/2025/08/inbjudan-6.png" target="_blank" rel="noopener"><img loading="lazy" decoding="async" class="aligncenter" src="https://swck.org/wop/wordpress/wp-content/uploads/2025/08/inbjudan-6.png" alt="" width="673" height="952" /></a></p>

<p>4 oktober – Eskilstuna (inomhus) Raskonferens dagen efter Domare cardigan: Jeanett Lemmeke Domare pembroke: Eva Liljekvist Borg Anmäl till utställningen HÄR Anmälan till middag  och/eller raskonferensen HÄR</p>
