{"id":5498,"date":"2026-01-23T12:11:31","date_gmt":"2026-01-23T12:11:31","guid":{"rendered":"https:\/\/swck.org\/wop\/wordpress\/?page_id=5498"},"modified":"2026-01-23T12:11:59","modified_gmt":"2026-01-23T12:11:59","slug":"enkater","status":"publish","type":"page","link":"https:\/\/swck.org\/wop\/wordpress\/?page_id=5498","title":{"rendered":"Enk\u00e4ter"},"content":{"rendered":"\n<p>H\u00e4r finns enk\u00e4ter f\u00f6r utv\u00e4rdering av v\u00e5ra raser. Fyll g\u00e4rna i dessa ifall n\u00e5gon utav dem \u00e4r relevant f\u00f6r vad du har varit med om. Detta hj\u00e4lper avelskommitt\u00e9erna i deras arbete kring rasutveckling.<\/p>\n\n\n\n<p><strong>Har du haft en valpkull? <\/strong>Fyll i v\u00e5r enk\u00e4t:\u00a0<a href=\"https:\/\/docs.google.com\/forms\/d\/e\/1FAIpQLSeORvg7zOmQwCjG4qwvmZP4XtiB97g7iZ8VSLiSJIH2suUztA\/viewform\">VALPKULL<\/a><\/p>\n\n\n\n<p><strong>Har du haft en corgi som g\u00e5tt bort?<\/strong> Fyll i v\u00e5r enk\u00e4t:\u00a0<a href=\"https:\/\/forms.gle\/N1yRqhAuEkSVYoCXA\" target=\"_blank\" rel=\"noreferrer noopener\">D\u00d6DSFALL<\/a><\/p>\n\n\n\n<p><strong>Har du\/har du haft en corgi som haltar?<\/strong> Fyll i v\u00e5r enk\u00e4t:<a href=\"https:\/\/forms.gle\/xdG7ftAHSeUynrcF6\" target=\"_blank\" rel=\"noreferrer noopener\">\u00a0H\u00c4LTA HOS DIN CORGI<\/a><\/p>\n\n\n\n<p><\/p>\n\n\n\n<p>Stort tack f\u00f6r din hj\u00e4lp!<\/p>\n\n\n\n<p><\/p>\n","protected":false},"excerpt":{"rendered":"<p>H\u00e4r finns enk\u00e4ter f\u00f6r utv\u00e4rdering av v\u00e5ra raser. Fyll g\u00e4rna i dessa ifall n\u00e5gon utav dem \u00e4r relevant f\u00f6r vad du har varit med om. Detta hj\u00e4lper avelskommitt\u00e9erna i deras &#8230;<\/p>\n","protected":false},"author":1,"featured_media":0,"parent":308,"menu_order":0,"comment_status":"closed","ping_status":"closed","template":"","meta":{"footnotes":""},"class_list":["post-5498","page","type-page","status-publish","hentry"],"_links":{"self":[{"href":"https:\/\/swck.org\/wop\/wordpress\/index.php?rest_route=\/wp\/v2\/pages\/5498","targetHints":{"allow":["GET"]}}],"collection":[{"href":"https:\/\/swck.org\/wop\/wordpress\/index.php?rest_route=\/wp\/v2\/pages"}],"about":[{"href":"https:\/\/swck.org\/wop\/wordpress\/index.php?rest_route=\/wp\/v2\/types\/page"}],"author":[{"embeddable":true,"href":"https:\/\/swck.org\/wop\/wordpress\/index.php?rest_route=\/wp\/v2\/users\/1"}],"replies":[{"embeddable":true,"href":"https:\/\/swck.org\/wop\/wordpress\/index.php?rest_route=%2Fwp%2Fv2%2Fcomments&post=5498"}],"version-history":[{"count":1,"href":"https:\/\/swck.org\/wop\/wordpress\/index.php?rest_route=\/wp\/v2\/pages\/5498\/revisions"}],"predecessor-version":[{"id":5499,"href":"https:\/\/swck.org\/wop\/wordpress\/index.php?rest_route=\/wp\/v2\/pages\/5498\/revisions\/5499"}],"up":[{"embeddable":true,"href":"https:\/\/swck.org\/wop\/wordpress\/index.php?rest_route=\/wp\/v2\/pages\/308"}],"wp:attachment":[{"href":"https:\/\/swck.org\/wop\/wordpress\/index.php?rest_route=%2Fwp%2Fv2%2Fmedia&parent=5498"}],"curies":[{"name":"wp","href":"https:\/\/api.w.org\/{rel}","templated":true}]}}