{"id":549,"date":"2015-09-17T06:26:57","date_gmt":"2015-09-17T06:26:57","guid":{"rendered":"http:\/\/swck.org\/wop\/wordpress\/?page_id=549"},"modified":"2026-01-25T14:48:37","modified_gmt":"2026-01-25T14:48:37","slug":"information-ang-webannonsering","status":"publish","type":"page","link":"https:\/\/swck.org\/wop\/wordpress\/?page_id=549","title":{"rendered":"Webannonsering"},"content":{"rendered":"<p><em>Betalning f\u00f6r annonserna sker till SWCKs bankgiro: 5189-6694, ange vad betalningen avser och namn.<\/em><\/p>\n<p><span style=\"font-size: 14pt;\"><strong>Kennelannons<br \/>\n<\/strong><\/span>Annonserade kennlar m\u00e5ste uppfylla <a href=\"http:\/\/swck.org\/wop\/wordpress\/?page_id=60\">kraven<\/a> f\u00f6r SWCKs uppf\u00f6dare.<br \/>\nAnnonsen kostar 150 SEK\/\u00e5r.<br \/>\n<span style=\"font-size: 14pt;\"><em><strong>Annons f\u00f6r 2026 beh\u00f6ver vara betald senast 20 januari f\u00f6r fortsatt annonsering.<br \/>\n<\/strong><\/em><\/span><strong><em>Klubbens SWISH 123 133 62 39 eller bank-giro 5189-6694. M\u00e4rk betalningen Kennelannons och kennelnamnet.<\/em><\/strong><\/p>\n<p>Ditt annonsunderlag best\u00e5ende av: Ras, namn, kennelnamn, kontaktinformation mailas till <a href=\"mailto:pembroke@swck.org\" target=\"_blank\" rel=\"noopener\">pembroke@swck.org<\/a> eller <a href=\"mailto:cardigan@swck.org\" target=\"_blank\" rel=\"noopener\">cardigan@swck.org<\/a> beroende p\u00e5 vilken ras du har.<\/p>\n<hr \/>\n<p><span style=\"font-size: 14pt;\"><strong>Avelshane<br \/>\n<\/strong><\/span>Annonserade hanhundar \u00e4r godk\u00e4nda av SWCK:s avelskommitt\u00e9.<br \/>\nAnnonsen \u00e4r gratis f\u00f6r medlemmar, sedan 2025 kr\u00e4vs ett registrerat HD resultat f\u00f6r att f\u00e5 publicera sin annons.<br \/>\nDitt annonsunderlag best\u00e5ende av: Hanens namn, titlar godk\u00e4nda av SKK, regnr, HD-status, kennelnamn, \u00f6vrig info samt kontaktinformation mailas till <a href=\"mailto:pembroke@swck.org\" target=\"_blank\" rel=\"noopener\">pembroke@swck.org<\/a> eller <a href=\"mailto:cardigan@swck.org\" target=\"_blank\" rel=\"noopener\">cardigan@swck.org<\/a> beroende p\u00e5 vilken ras du har.<\/p>\n<hr \/>\n<p><span style=\"font-size: 14pt;\"><strong>Parning\/Valpkull<br \/>\n<\/strong><\/span>Annonserade parningar\/kullar m\u00e5ste uppfylla <a href=\"http:\/\/swck.org\/wop\/wordpress\/?page_id=60\">kraven<\/a> f\u00f6r SWCKs regler f\u00f6r valph\u00e4nvisning.<br \/>\nAnnonsen \u00e4r gratis f\u00f6r dig som har en kennelannons, \u00f6vriga medlemmar betalar 150 SEK.<\/p>\n<p>Har du parat och \u00f6nskar en annons p\u00e5 Swck\u00b4s sida? Maila d\u00e5 <a href=\"mailto:pembroke@swck.org\">pembroke@swck.org<\/a> eller <a href=\"mailto:cardigan@swck.org\">cardigan@swck.org<\/a> f\u00f6r att annonsen godk\u00e4nd och publicerad.<br \/>\nMailet ska inneh\u00e5lla namn och registreringsnummer p\u00e5 f\u00f6r\u00e4ldradjuren, datum f\u00f6r parning och kontaktuppgifter till dig som v\u00e4ntar valpkullen. 10 veckor efter parning kommer annonsen att plockas bort.<\/p>\n<p>\u00d6nskar du sedan en valpannons mailar du igen till <a href=\"mailto:pembroke@swck.org\">pembroke@swck.org<\/a> eller <a href=\"mailto:cardigan@swck.org\">cardigan@swck.org<\/a> med information om hur m\u00e5nga valpar som du v\u00e4lkomnat till v\u00e4rlden. Annonsen finns kvar tills valparna fyller 12 veckor, \u00f6nskar du l\u00e4ngre annonsering s\u00e5 maila avelsr\u00e5det f\u00f6r f\u00f6rl\u00e4ngning upp till 16 veckor.<\/p>\n<hr \/>\n<p>Om du vill \u00e4ndra din annons, kennel\/avelshane kontaktar du <a href=\"mailto:cardigan@swck.org\" target=\"_blank\" rel=\"noopener\">cardigan@swck.org<\/a> eller <a href=\"mailto:pembroke@swck.org\" target=\"_blank\" rel=\"noopener\">pembroke@swck.org <\/a><\/p>\n","protected":false},"excerpt":{"rendered":"<p>Betalning f\u00f6r annonserna sker till SWCKs bankgiro: 5189-6694, ange vad betalningen avser och namn. Kennelannons Annonserade kennlar m\u00e5ste uppfylla kraven f\u00f6r SWCKs uppf\u00f6dare. Annonsen kostar 150 SEK\/\u00e5r. Annons f\u00f6r 2026 &#8230;<\/p>\n","protected":false},"author":1,"featured_media":0,"parent":308,"menu_order":0,"comment_status":"closed","ping_status":"closed","template":"","meta":{"footnotes":""},"class_list":["post-549","page","type-page","status-publish","hentry"],"_links":{"self":[{"href":"https:\/\/swck.org\/wop\/wordpress\/index.php?rest_route=\/wp\/v2\/pages\/549","targetHints":{"allow":["GET"]}}],"collection":[{"href":"https:\/\/swck.org\/wop\/wordpress\/index.php?rest_route=\/wp\/v2\/pages"}],"about":[{"href":"https:\/\/swck.org\/wop\/wordpress\/index.php?rest_route=\/wp\/v2\/types\/page"}],"author":[{"embeddable":true,"href":"https:\/\/swck.org\/wop\/wordpress\/index.php?rest_route=\/wp\/v2\/users\/1"}],"replies":[{"embeddable":true,"href":"https:\/\/swck.org\/wop\/wordpress\/index.php?rest_route=%2Fwp%2Fv2%2Fcomments&post=549"}],"version-history":[{"count":33,"href":"https:\/\/swck.org\/wop\/wordpress\/index.php?rest_route=\/wp\/v2\/pages\/549\/revisions"}],"predecessor-version":[{"id":5543,"href":"https:\/\/swck.org\/wop\/wordpress\/index.php?rest_route=\/wp\/v2\/pages\/549\/revisions\/5543"}],"up":[{"embeddable":true,"href":"https:\/\/swck.org\/wop\/wordpress\/index.php?rest_route=\/wp\/v2\/pages\/308"}],"wp:attachment":[{"href":"https:\/\/swck.org\/wop\/wordpress\/index.php?rest_route=%2Fwp%2Fv2%2Fmedia&parent=549"}],"curies":[{"name":"wp","href":"https:\/\/api.w.org\/{rel}","templated":true}]}}